d**3 - 23*d**2 + 21*d - 59. Suppose 4336 = -131*w + 1192. What is s(w)?
13
Suppose -5 = 2*n - 0*b + b, 0 = -4*n - 5*b + 5. Let t(q) = 89 + 92 - 353 + 89 + 2*q + 84. Give t(n).
-9
Let i be (-4)/(-12) - 52/39. Let a(v) = v**2 - 6*v + 1. Let y(l) = l**2 - l + 1. Let z(g) = -a(g) + 3*y(g). What is z(i)?
1
Let h = 71 - 72. Let g be (-5 + 9 - h) + -8. Let d(s) = s**2 + 6*s + 2. Give d(g).
-7
Suppose 12*h - 40 = 2*h. Let d(u) = -u**2 + u - 11. Let f be d(h). Let b = 27 + f. Let w(g) = g - 4. Give w(b).
0
Let m = 160 + -311. Let j = m + 157. Let l(g) = g**2 - 4*g - 1. What is l(j)?
11
Let f(u) = -3*u**2 - 13*u - 13 - 4 + 16 - 3. Let z(p) = 7*p**2 + 27*p + 7. Let d(o) = 9*f(o) + 4*z(o). What is d(10)?
2
Let h(t) = t**3 + 12*t**2 - 33*t - 56. Let q be h(-14). Let v(w) be the third derivative of -q*w**2 - 13/24*w**4 + 0*w + 0 + 0*w**3. Determine v(1).
-13
Let f be (9/(-6))/(((-4)/(-16))/((-4)/8)). Let l(c) be the third derivative of 0*c - 5/6*c**f - 1/12*c**4 + 0 - 29*c**2. Determine l(-5).
5
Let n(y) = 11*y**3 + 2*y**2 - 3*y. Let x(h) = 2*h**3 + h**2 - h. Let z(m) = 2*m**2 + 20*m + 44. Let s be z(-4). Let c(o) = s*x(o) + n(o). Give c(-2).
-34
Let u(w) = -33*w**2 + 8*w - 8. Let b(k) = k**3 - 68*k**2 + 13*k - 15. Let v(p) = -2*b(p) + 5*u(p). Determine v(-15).
5
Let x(w) = w**2 - 11*w + 6. Let t be (-2)/(-8) + 207/(-540) - 304/(-30). Calculate x(t).
-4
Let x(n) = -n**3 + 22*n**2 - 70*n - 34. Let m(t) = 20*t**2 + 476*t - 78. Let b be m(-24). What is x(b)?
2
Let q = -4362 + 4377. Let d(y) = 5*y + 17. What is d(q)?
92
Let n(z) = -z - 1. Let s(w) be the third derivative of 5*w**4/24 + 4*w**3/3 + 32*w**2. Let l(y) = -11*n(y) - 2*s(y). Give l(4).
-1
Suppose 30*m - 163 + 13 = 0. Suppose -m*z = 3*w - 3 - 4, w - 1 = -z. Let b(a) = -16*a**2 + 3*a + 2. What is b(w)?
-17
Let m(b) be the third derivative of 1/6*b**4 + 4*b**2 - 15*b + 7/6*b**3 + 0. What is m(5)?
27
Let d(n) = -5*n**2 - 15*n + 1. Let w(s) = 6*s**2 + 16*s - 1. Let o(j) = 5*d(j) + 4*w(j). Suppose -47*l + 72*l + 70*l = -950. Calculate o(l).
11
Let m(t) = -t**3 - 5*t**2 + 18*t - 3. Suppose -12*r + 12 = -3*x - 8*r, -66 = -12*x - 3*r. What is m(x)?
-75
Let s(h) = -8. Let u(p) = p - 9. Let i(v) = -7*s(v) + 6*u(v). Suppose -185*q - 6 = -188*q. Give i(q).
14
Let o(n) be the second derivative of n**4/12 - 3*n**3/2 - 35*n**2/2 - n + 294. Give o(11).
-13
Let c(k) = -3*k - 8. Let b(n) = 2*n + 6. Let j(s) = 7*s - 34. Let a be j(13). Let l = a - 61. Let m(z) = l*b(z) - 3*c(z). Calculate m(-3).
-3
Let j(c) = c**3 + 9*c**2 - 2*c - 15. Suppose 0 = -2*n - 28 + 5 + 5. Determine j(n).
3
Suppose 6*o - 286 = 26. Let b = o + -47. Suppose -b - 19 = 3*x. Let r(k) = -k**3 - 8*k**2 + 1. Calculate r(x).
1
Suppose -2*r + 2*g = 2, 0 = -2*r + g + 3 - 11. Let h(b) = -3*b**2 - 2*b - 14. Let z(c) = c**2 + c + 5. Let v(w) = 2*h(w) + 7*z(w). Calculate v(r).
35
Let d(b) = -b**2 - 4*b + 6. Suppose 2*q = -3*t + 10, 0 = -t - 5*q + 10 + 2. Let j be t - -2 - (-2 - -6). Suppose 0*k = -4*k, j = -2*n + k - 10. Determine d(n).
1
Let c(i) = 3*i**2 + 2*i - 1. Suppose 0 = 2*l - 132 + 140. Let a be (-8 - -21 - 8) + l. Determine c(a).
4
Let x(w) = -183*w - w**2 - 102*w + 42 + 285*w - w**3. Give x(0).
42
Let r(u) be the first derivative of -2*u - 53 + 5/2*u**2. Calculate r(-4).
-22
Let m(s) be the third derivative of -s**5/60 - s**4/3 + 7*s**3/6 - 1384*s**2. Give m(-5).
22
Let d = 344 + -342. Let x(q) = -130*q**2 + d*q - 14*q + 131*q**2 - 12. What is x(13)?
1
Let n(y) = -y**3 + 4*y**2 - 2*y. Let r(u) = -u - 26. Let m be r(-30). What is n(m)?
-8
Let r(c) be the third derivative of 0*c**5 + 4*c**2 - 1/6*c**3 + 0 - 1/24*c**6 - 4*c + 1/24*c**4. Calculate r(1).
-5
Let u(f) = -3 + 5 + 209*f - 208*f. Let d(y) = 2*y**2 + 13*y + 13. Let j(i) = d(i) - 3*u(i). Determine j(-5).
7
Let h(d) be the second derivative of -d**4/4 - d**3/6 + 2*d**2 + 211*d + 6. Let q(z) = -z**3 - 6*z**2 - 3*z + 12. Let u be q(-5). Determine h(u).
-10
Let k(f) = -2*f**2 - 7*f - 7. Let d(r) = 81 + r + r**2 - 81. Let b(m) = 3*d(m) + k(m). Let a be (2/(-5))/(1/(-15)). What is b(a)?
5
Let o(z) = z**3 + 14*z**2 + 26*z + 17. Suppose 12 - 36 = 2*u. Let v be o(u). Let w(x) = -x**3 - 8*x**2 - 7*x - 4. Determine w(v).
-4
Let t(z) = 5*z - 37. Let g(p) = -14*p + 86. Let a(v) = 27*v - 170. Let x(w) = -3*a(w) - 5*g(w). Let o(l) = -13*t(l) - 6*x(l). What is o(3)?
4
Let w(g) = -2*g + 2. Let a(k) = -14*k + 40. Let t(y) = -a(y) - 3*w(y). Give t(2).
-6
Let p(d) = -d**3 + 6*d**2 + d + 2. Let c = -274 + 270. Let l be (-1975)/(-316) + 1 + 5/c. Calculate p(l).
8
Let i(r) = 5*r + 1. Let q = 309 + -299. Let v(j) = 10*j - 99. Let z be v(q). Determine i(z).
6
Let o(y) = -2*y - 2. Suppose -q - 12 = -4*q. Suppose -9*f + 70 = -q*f. Suppose 0 = -5*i + 20, 2*x + 4*i - f = 3*x. What is o(x)?
-6
Let j(i) = -132*i - 31. Let s(f) = -211*f - 47. Let a(o) = 8*j(o) - 5*s(o). Calculate a(-14).
1
Let i(g) = -16222*g + 1 + 15 - 16224*g + 32444*g - 1 + g**2. Give i(6).
39
Let k be 3*(-28)/21 + 1 + 5. Suppose 5*g + 6 = -2*h, 3*h + k*h + 15 = 5*g. Let q(y) = y**3 - y**2 - 9. Determine q(g).
-9
Let p(h) = -h**3 + 11*h**2 - 5. Let i = 100 - 89. Suppose 0 = 35*y - 36*y + i. Determine p(y).
-5
Let j(g) be the second derivative of g**5/20 + 3*g**4/4 + g**3 - 3*g**2 - 1324*g. Give j(-7).
50
Suppose 0 = -2*u - 2*t + 12, -425*u + 422*u - t = -34. Let f(q) = 20*q - 281. Give f(u).
-1
Let a be (58/(-4) - 1)*(-1 - 3). Let h = -65 + a. Let b(y) be the second derivative of y**4/12 - 2*y**2 + 9*y. What is b(h)?
5
Suppose 11*x - 6*x + 35 = 0. Let z(b) be the first derivative of 3*b**2 - 2*b + 1/4*b**4 + 8/3*b**3 + 36. Give z(x).
5
Let p(u) = 37*u**3 + u**2 - 1. Let x(z) = 2*z**2 + 7*z + 8. Let w be x(-1). Suppose 17*a - 22*a = w*m + 12, -5*m - 10 = 5*a. Calculate p(m).
37
Suppose -13*s = -2*s - 109*s + 980. Let i(t) = t**3 - 12*t**2 + 16*t + 6. Give i(s).
-34
Let v(q) = -8*q**2 - 17*q - 4. Let j(w) = -5*w**2 - 10*w - 2. Let t(n) = -5*j(n) + 3*v(n). Suppose 4*r + 6 + 2 = 0. Calculate t(r).
4
Let a(m) be the third derivative of 7*m**5/60 - m**4/24 + m**3/6 - 3*m**2 + 30*m. Determine a(-2).
31
Let x be (-6 + 3)/(-14 - 225/(-18)). Let w(v) = 5*v**3 + v**2 + 8*v. Let s(y) = -y**3 - y. Let r(u) = 6*s(u) + w(u). Determine r(x).
0
Suppose p - 8 = -4*k + 6*k, 5*p = -5*k + 10. Let t(f) = 9*f**2 + 12*f + 4. Let j(y) = -2*y**2 - 2*y - 1. Let x(i) = k*t(i) - 11*j(i). Calculate x(2).
15
Let u(o) = -765*o - 73505. Let w(c) = -15*c - 1446. Let p(d) = -6*u(d) + 305*w(d). Let s = -4 + 1. What is p(s)?
-45
Let n(h) = h**3 + 3*h**2 - 10*h + 22. Let u be n(5). Suppose -4*w + u = 160. Let f(c) = 0 + 3*c + 3 - c**2 + w*c - 1. Determine f(7).
-5
Suppose 4*u - 17 = 19. Suppose -2*r + 4*p + 6 + 0 = 0, -2*r + p + u = 0. Suppose 33 = r*l + 8. Let f(c) = 2*c - 6. What is f(l)?
4
Suppose 2*y + 49 = 5*i - 7, -3*i + 24 = 2*y. Let j be (84/i)/(-1)*(-5 + 0). Suppose -9*x = -16*x - j. Let c(u) = u. Give c(x).
-6
Let d(n) = -32*n**2 - 1. Let z(y) = -37*y - 295. Suppose m = -4*b - 28, -9*b + 14*b = 2*m - 48. Let r be z(b). Determine d(r).
-33
Suppose 5*u - 4*m = -66, 3*u + 2*m - 291 = -313. Let j(g) = -g + 10. Calculate j(u).
20
Let n(h) = -7*h**3 + 13*h**2 + 2*h + 6 - 10*h**3 - 5*h**2 + 16*h**3. What is n(9)?
-57
Let b(q) = -5*q - 109. Suppose 4*z - 2*z = -5*c - 58, -3*z - 3*c - 78 = 0. Calculate b(z).
11
Let h(m) = -m**2 + 1. Suppose 0 = 3*u - c - 4, 5*u - 14 = -2*c + 11. Suppose a + 5*n + 17 = 0, u*a - 4*n = 2*a + 10. Let d be a + -1 + (8 - 3). Give h(d).
-3
Let d(z) be the third derivative of 29*z**4/24 - 88*z**2 + 18. Let u(b) = -b**3 - 6*b**2 + 8*b + 6. Let a be u(-7). What is d(a)?
-29
Let g(r) = -13*r**2 - 43*r - 29. Let s(u) = -16*u**2 - 46*u - 25. Let a(y) = -6*g(y) + 5*s(y). Determine a(15).
19
Let l(x) be the third derivative of -x**6/120 - 7*x**5/30 - 7*x**4/12 - x**3/6 + x**2 - 4*x. Suppose v - 2*r = -19, 0*v + 27 = -3*v - 4*r. What is l(v)?
12
Let w = 28 - -108. Let u = 131 - w. Let c(q) = q**3 + 3*q**2 - 8*q - 7. Determine c(u).
-17
Let t(z) = 18*z + 153. Let p(f) = -f - 11. Let v(h) = 15*p(h) + t(h). What is v(5)?
3
Suppose 0 = 5*k - 11*k - 36. Let u be (13/(39/(-9)))/(2/k). Let p(z) = -z**2 + 10*z. Determine p(u).
9
Let x(v) = -v**2 + 23*v - 18. Let f be x(21). Suppose -186 = -3*a + 5*k, a = -2*k + f + 38. Let h = -68 + a. Let d(c) = c**3 + 4*c**2 - 10*c - 9. What 